{"id":636,"date":"2018-03-30T20:37:29","date_gmt":"2018-03-30T20:37:29","guid":{"rendered":"http:\/\/mw-pc-seiten.de\/?page_id=636"},"modified":"2018-04-01T20:27:49","modified_gmt":"2018-04-01T20:27:49","slug":"buecher-zu-fasd","status":"publish","type":"page","link":"https:\/\/mw-pc-seiten.de\/?page_id=636","title":{"rendered":"B\u00fccher zu FASD"},"content":{"rendered":"<div id=\"pl-636\"  class=\"panel-layout\" ><div id=\"pg-636-0\"  class=\"panel-grid panel-no-style\" ><div id=\"pgc-636-0-0\"  class=\"panel-grid-cell panel-grid-cell-mobile-last\" ><div id=\"panel-636-0-0-0\" class=\"so-panel widget widget_sow-editor panel-first-child\" data-index=\"0\" ><div class=\"so-widget-sow-editor so-widget-sow-editor-base\"><h3 class=\"widget-title\">B\u00fccher zu FASD, die wir besitzen<\/h3>\n<div class=\"siteorigin-widget-tinymce textwidget\">\n\t<div class=\"siteorigin-widget-tinymce textwidget\">\n&nbsp;<\/p>\n<p><strong>deutsch<\/strong><\/p>\n<ol>\n<li>Die Alkohol-Embryopathie von Majewski (1987)<\/li>\n<li><a href=\"https:\/\/www.amazon.de\/Alkoholembryopathie-Alkoholeffekte-Hermann-L%C3%B6ser\/dp\/3437116126\/ref=sr_1_1?s=books&amp;ie=UTF8&amp;qid=1522438845&amp;sr=1-1&amp;keywords=alkoholembryopathie+und+alkoholeffekte\">Alkoholembryopathie und Alkoholeffekte<\/a> von Hermann L\u00f6ser (1994)<\/li>\n<li>FASD - <a href=\"https:\/\/www.amazon.de\/FASD-Alkoholspektrumst%C3%B6rungen-Angeh%C3%B6rige-Betroffene-Fachleute\/dp\/3824808889\/ref=sr_1_1?s=books&amp;ie=UTF8&amp;qid=1522441117&amp;sr=1-1&amp;keywords=fasd+ratgeber\">Fetale Alkohol-Spektrumst\u00f6rungen<\/a> von Annika Thomsen, Gisela Michalowski, Gerhild Landeck, Katrin Lepke (2012)<\/li>\n<li><a href=\"https:\/\/www.amazon.de\/Suchtgef%C3%A4hrdete-Erwachsene-Fetalen-Alkoholspektrumst%C3%B6rungen-Interventionsm%C3%B6glichkeiten\/dp\/3110425114\/ref=sr_1_2?s=books&amp;ie=UTF8&amp;qid=1522441454&amp;sr=1-2&amp;keywords=gela+Becker\">Suchtgef\u00e4hrdete Erwachsene mit Fetalen Alkohol-Spektrumst\u00f6rungen<\/a> von Gela Becker (2015)<\/li>\n<li><a href=\"https:\/\/www.amazon.de\/Ein-Pflege-Kind-FASD-p%C3%A4dagogisch-therapeutischer\/dp\/3824812169\/ref=sr_1_4?s=books&amp;ie=UTF8&amp;qid=1522441117&amp;sr=1-4&amp;keywords=fasd+ratgeber\">Ein (Pflege-)Kind mit FASD - und gl\u00fccklich!:<\/a> Ein p\u00e4dagogisch-therapeutischer Wegweiser Taschenbuch \u2013 (2017)<\/li>\n<\/ol>\n<p>&nbsp;<\/p>\n<p>Alle deutschen B\u00fccher k\u00f6nnen wir empfehlen.<\/p>\n<p>Die B\u00fccher 1.+2. sind wissenschaftliche Standardwerke mit Fotos und Beschreibungen, die die Krankheit verdeutlichen.<\/p>\n<p>Die B\u00fccher 3.-5. sind auch f\u00fcr Laien und nicht Mediziner gut zu lesen. hier finden sich auch viele Praxis Tipps.<\/p>\n<p>Die Links f\u00fchren zu amazon.de oder amazon.com - dort geben Blick ins Buch oder Kundenrezensionen weitere Auskunft.<\/p>\n<ul>\n<li><a href=\"https:\/\/www.amazon.de\/alkoholkrank-Einf%C3%BChrung-Alkoholismus-Betroffene-Angeh%C3%B6rige\/dp\/3920106555\/ref=sr_1_2?s=books&amp;ie=UTF8&amp;qid=1522442072&amp;sr=1-2&amp;keywords=alkoholkrank%3F\">alkoholkrank?<\/a><\/li>\n<\/ul>\n<p>&nbsp;<\/p>\n<p><strong>englisch:<\/strong><\/p>\n<ul>\n<li><a href=\"https:\/\/www.amazon.com\/s\/ref=nb_sb_ss_c_1_39?url=search-alias%3Daps&amp;field-keywords=the+challenge+of+fetal+alcohol+syndrome&amp;sprefix=the+challenge+of+fetal+alcohol+syndrome%2Caps%2C226&amp;crid=OL46VEX1ESDR&amp;rh=i%3Aaps%2Ck%3Athe+challenge+of+fetal+alcohol+syndrome\">The challenge of fetal alcohol Syndrome<\/a> by Ann Streissguth<\/li>\n<li><a href=\"https:\/\/www.amazon.com\/Fetal-Alcohol-Syndrome-Effects-Professionals\/dp\/0894869515\/ref=sr_1_2?ie=UTF8&amp;qid=1522439867&amp;sr=8-2&amp;keywords=diane+malbin\">Fetal Alcohol Syndrome, Fetal Alcohol Effects: Strategies for Professionals<\/a> by Diane Malbin<\/li>\n<li><a href=\"https:\/\/www.amazon.com\/Handle-Care-Helping-Children-Prenatally\/dp\/1560710772\/ref=sr_1_fkmr1_1?s=books&amp;ie=UTF8&amp;qid=1522440077&amp;sr=1-1-fkmr1&amp;keywords=handle+with+care+helping+children+prenatal\">Handle with care helping children prenatally exposed to Drugs and Alcohol<\/a><\/li>\n<li><a href=\"https:\/\/www.amazon.com\/Broken-Cord-Michael-Dorris\/dp\/0060916826\/ref=sr_1_1?s=books&amp;ie=UTF8&amp;qid=1522440347&amp;sr=1-1&amp;keywords=%E2%80%A2%09The+broken+Cord+%09%09Michael+Dorris\">The broken Cord<\/a> by Michael Dorris<\/li>\n<li><a href=\"https:\/\/www.amazon.com\/Recognizing-Managing-Children-Alcohol-Syndrome\/dp\/087868607X\/ref=sr_1_1?s=books&amp;ie=UTF8&amp;qid=1522440496&amp;sr=1-1&amp;keywords=Recognizing+and+Managing+children+with+Fetal+Alcohol+Syndrome\">Recognizing and Managing children with Fetal Alcohol Syndrome<\/a><\/li>\n<\/ul>\n<p>&nbsp;<\/p>\n<\/div>\n<\/div>\n<\/div><\/div><div id=\"panel-636-0-0-1\" class=\"so-panel widget widget_sow-editor panel-last-child\" data-index=\"1\" ><div class=\"so-widget-sow-editor so-widget-sow-editor-base\">\n<div class=\"siteorigin-widget-tinymce textwidget\">\n\t<p>&nbsp;<\/p>\n<\/div>\n<\/div><\/div><\/div><div id=\"pgc-636-0-1\"  class=\"panel-grid-cell panel-grid-cell-empty\" ><\/div><\/div><\/div>","protected":false},"excerpt":{"rendered":"<p>&nbsp; deutsch Die Alkohol-Embryopathie von Majewski (1987) Alkoholembryopathie und Alkoholeffekte von Hermann L\u00f6ser (1994) FASD &#8211; Fetale Alkohol-Spektrumst\u00f6rungen von Annika Thomsen, Gisela Michalowski, Gerhild Landeck, Katrin Lepke (2012) Suchtgef\u00e4hrdete Erwachsene mit Fetalen Alkohol-Spektrumst\u00f6rungen von Gela Becker (2015) Ein (Pflege-)Kind mit FASD &#8211; und gl\u00fccklich!: Ein p\u00e4dagogisch-therapeutischer Wegweiser Taschenbuch \u2013 (2017) &nbsp; Alle deutschen B\u00fccher k\u00f6nnen [&hellip;]<\/p>\n","protected":false},"author":2,"featured_media":0,"parent":4,"menu_order":0,"comment_status":"closed","ping_status":"closed","template":"template-full-width.php","meta":[],"_links":{"self":[{"href":"https:\/\/mw-pc-seiten.de\/index.php?rest_route=\/wp\/v2\/pages\/636"}],"collection":[{"href":"https:\/\/mw-pc-seiten.de\/index.php?rest_route=\/wp\/v2\/pages"}],"about":[{"href":"https:\/\/mw-pc-seiten.de\/index.php?rest_route=\/wp\/v2\/types\/page"}],"author":[{"embeddable":true,"href":"https:\/\/mw-pc-seiten.de\/index.php?rest_route=\/wp\/v2\/users\/2"}],"replies":[{"embeddable":true,"href":"https:\/\/mw-pc-seiten.de\/index.php?rest_route=%2Fwp%2Fv2%2Fcomments&post=636"}],"version-history":[{"count":21,"href":"https:\/\/mw-pc-seiten.de\/index.php?rest_route=\/wp\/v2\/pages\/636\/revisions"}],"predecessor-version":[{"id":757,"href":"https:\/\/mw-pc-seiten.de\/index.php?rest_route=\/wp\/v2\/pages\/636\/revisions\/757"}],"up":[{"embeddable":true,"href":"https:\/\/mw-pc-seiten.de\/index.php?rest_route=\/wp\/v2\/pages\/4"}],"wp:attachment":[{"href":"https:\/\/mw-pc-seiten.de\/index.php?rest_route=%2Fwp%2Fv2%2Fmedia&parent=636"}],"curies":[{"name":"wp","href":"https:\/\/api.w.org\/{rel}","templated":true}]}}