{"id":235,"date":"2018-03-26T16:49:10","date_gmt":"2018-03-26T16:49:10","guid":{"rendered":"http:\/\/mw-pc-seiten.de\/?page_id=235"},"modified":"2018-04-01T20:56:24","modified_gmt":"2018-04-01T20:56:24","slug":"impressum","status":"publish","type":"page","link":"https:\/\/mw-pc-seiten.de\/?page_id=235","title":{"rendered":"Impressum"},"content":{"rendered":"<p>V.i.S.d.P. Heike Wettach<\/p>\n<p>Mail-Adresse: hwettach [at] email.de<\/p>\n<p>Aus der Tatsache, dass hier Links auf Seiten au\u00dferhalb der Domain mw-pc-seiten.de angeboten werden, darf nicht geschlossen werden, dass diese Seiten in irgendeiner Form unterst\u00fctzt oder gebilligt werden, da wir deren Inhalte nicht st\u00e4ndig \u00fcberwachen k\u00f6nnen. Wir bem\u00fchen uns lediglich, auf n\u00fctzliche Inhalte hinzuweisen, an denen wir nicht die Rechte besitzen. Von allen Internetseiten au\u00dferhalb der Domain mw-pc-seiten.de distanzieren wir uns ausdr\u00fccklich, insoweit diese Inhalte wiedergeben sollten, die rechtlich unzul\u00e4ssig oder moralisch zweifelhaft sind.<\/p>\n","protected":false},"excerpt":{"rendered":"<p>V.i.S.d.P. Heike Wettach Mail-Adresse: hwettach [at] email.de Aus der Tatsache, dass hier Links auf Seiten au\u00dferhalb der Domain mw-pc-seiten.de angeboten werden, darf nicht geschlossen werden, dass diese Seiten in irgendeiner Form unterst\u00fctzt oder gebilligt werden, da wir deren Inhalte nicht st\u00e4ndig \u00fcberwachen k\u00f6nnen. Wir bem\u00fchen uns lediglich, auf n\u00fctzliche Inhalte hinzuweisen, an denen wir nicht [&hellip;]<\/p>\n","protected":false},"author":1,"featured_media":0,"parent":0,"menu_order":0,"comment_status":"closed","ping_status":"closed","template":"template-full-width.php","meta":[],"_links":{"self":[{"href":"https:\/\/mw-pc-seiten.de\/index.php?rest_route=\/wp\/v2\/pages\/235"}],"collection":[{"href":"https:\/\/mw-pc-seiten.de\/index.php?rest_route=\/wp\/v2\/pages"}],"about":[{"href":"https:\/\/mw-pc-seiten.de\/index.php?rest_route=\/wp\/v2\/types\/page"}],"author":[{"embeddable":true,"href":"https:\/\/mw-pc-seiten.de\/index.php?rest_route=\/wp\/v2\/users\/1"}],"replies":[{"embeddable":true,"href":"https:\/\/mw-pc-seiten.de\/index.php?rest_route=%2Fwp%2Fv2%2Fcomments&post=235"}],"version-history":[{"count":5,"href":"https:\/\/mw-pc-seiten.de\/index.php?rest_route=\/wp\/v2\/pages\/235\/revisions"}],"predecessor-version":[{"id":254,"href":"https:\/\/mw-pc-seiten.de\/index.php?rest_route=\/wp\/v2\/pages\/235\/revisions\/254"}],"wp:attachment":[{"href":"https:\/\/mw-pc-seiten.de\/index.php?rest_route=%2Fwp%2Fv2%2Fmedia&parent=235"}],"curies":[{"name":"wp","href":"https:\/\/api.w.org\/{rel}","templated":true}]}}